 + 1215, -y + 1621 = 4*x. Suppose x = 10*m + 4*m. Calculate the remainder when 113 is divided by m.
26
Suppose 43*i - 1136 = -28*i. What is the remainder when 27 is divided by i?
11
Suppose -5*v - 5*o + 66 = -39, -84 = -4*v + 4*o. What is the remainder when 451*(390/(-66) + 6) is divided by v?
20
Let s(o) = -4*o + 7. Calculate the remainder when s(0) is divided by 4.
3
Let s be -3 + 0 + (-20 - -21). Let w(a) = a**2 - a + 6. What is the remainder when (-26)/s*5/(5/11) is divided by w(6)?
35
Suppose -28*s + 26*s = 3*f - 156, 0 = 3*s - 2*f - 247. What is the remainder when 96 is divided by s?
15
Let h(j) = 4*j + 27. Let m(d) = 2*d**2 + d. Let g(v) = -v**2 - 11*v + 2. Let l be g(-11). Calculate the remainder when h(3) is divided by m(l).
9
Let j(a) = a**2 - 55*a - 427. Calculate the remainder when 366 is divided by j(62).
2
Let x(z) = -25*z + 124. Calculate the remainder when x(-8) is divided by 101.
21
Let w(p) = 2*p**2 - 6*p + 3. Let l be w(5). Suppose -4*j = -3*j - l. Let g = -160 - -227. What is the remainder when g is divided by j?
21
Let g = -18 - -20. Let p be (-2*1)/((-2)/(-4)). Let i = -3 - p. Calculate the remainder when g is divided by i.
0
Calculate the remainder when (-2)/11 - (-35868)/132*3 is divided by 16.
15
Let u = 1793 - 1224. Calculate the remainder when u is divided by 19.
18
Let o = 922 - 1914. What is the remainder when 50 is divided by (o/28)/(-2) + 6/21?
14
Suppose 2*i - 21*i + 133 = 0. What is the remainder when 21 is divided by i?
0
Let w = -4 - -4. Suppose -5*f + w*o = 2*o - 165, 4*f - 132 = -3*o. Suppose 0 = -2*p + 5*p - f. What is the remainder when 19 is divided by p?
8
Let p be -49 - (0 + (5 - 1)). Let w be (-6)/5*(-5250)/63. Let h = w + p. Calculate the remainder when h is divided by 16.
15
Suppose 98*u - 10792 = 60*u. Calculate the remainder when u is divided by 18.
14
Let d = -790 + 792. Calculate the remainder when 54 is divided by d.
0
Let v = -9 - -6. Let d(c) = -7*c**2 + 23*c + 13. Calculate the remainder when d(3) is divided by (-2)/(v/(-5) + -1).
4
Let i = 849 - 790. Calculate the remainder when 114 is divided by i.
55
Let p = -2117 + 2497. What is the remainder when p is divided by 122?
14
Let t = -31 - -26. Let m be (t/(-2))/((-6)/60). Let w = m - -28. What is the remainder when w is divided by 3?
0
Let p(j) = 2*j + 2. Let o be p(-1). Suppose 2*h + 12 = a, 0 = -4*a - o*a - h + 57. What is the remainder when 39 is divided by a?
11
Let k be ((-6)/(96/20))/((-1)/4). Suppose k*p - 210 = -50. What is the remainder when 62 is divided by p?
30
Let s be (-282)/(-54) - 5 - (-148)/(-18). Let z(r) = 2*r**2 + 3*r - 26. What is the remainder when z(s) is divided by 27?
24
Suppose 5*m = 6*m - 33. What is the remainder when m is divided by 22?
11
Let t be 28/(-42)*39/2. What is the remainder when 18 is divided by (-44)/286 + (-158)/t?
6
Let y = 11 - 0. Let v = 15 - 22. What is the remainder when 22 + (1 - -3) + v is divided by y?
8
Suppose 0*p - 8 = -p. Suppose p = 5*i - 132. Suppose -2*b + i = -0. What is the remainder when b is divided by 6?
2
Suppose -3980 = -50*f - 3130. Let y = -75 - -105. What is the remainder when y is divided by f?
13
Suppose 3*b - 3*l - 391 = 7*b, 3*l + 297 = -3*b. Let m = -43 - b. Suppose 4*k + 6 - 2 = 0, 4*k = s - 17. Calculate the remainder when m is divided by s.
12
Let y(d) = d**3 + 36*d**2 - 56*d - 112. What is the remainder when y(-37) is divided by 22?
19
Suppose 16 = 4*b + y + 82, y + 2 = 0. What is the remainder when -7*68/b + 3/(-4) is divided by 8?
5
Suppose 0 = -4*f + 5*u + 47, -2*u - 7 = -2*f + 15. Let h be -48*(0 - f/6). Let r = h - 13. What is the remainder when r is divided by 26?
25
Let i(b) = b**3 - 2*b**2 + b. Let h be i(2). Suppose s + 3*p - 8 = -1, p + 7 = h*s. What is the remainder when 50 is divided by s + -2 + (9 - -2)?
11
Let c = 53 - 51. Suppose -c*b = -2 - 2. Calculate the remainder when 10 is divided by b.
0
Suppose -d + 29 = 3. Calculate the remainder when 24 is divided by ((0 + d)/1)/2.
11
Suppose -2*m + 19 = -3*h, -5*m + 8*m - 11 = 8*h. What is the remainder when m is divided by 6?
5
Let n = -30 + 18. Let s be 1 + 2 + (-12 - n). Suppose -5*u = a - 12, -2*a - 4*u = s*a - 123. What is the remainder when a is divided by 15?
12
Let u = -30 - -11. Let l = 40 + u. Calculate the remainder when 62 is divided by l.
20
Suppose -7*d - 1648 = -15*d. What is the remainder when d is divided by 88?
30
Suppose -12 = -4*z - 0*z. Suppose 3*y = -2*a + 14, 2*a + 0*a = y - 18. Suppose 4*l + 4 = -y, -z*l + 166 = 5*g. What is the remainder when g is divided by 9?
8
Suppose -2*a = -x + 110, 0 = -3*a - 5*x + x - 165. Let g = a + 64. What is the remainder when g is divided by (2/(-5))/(1/(-10))?
1
Let r(b) = 39*b**3 + 3*b**2 - 6 - 28*b**3 + 4. What is the remainder when r(1) is divided by 3?
0
Suppose -363*t = -357*t - 960. Calculate the remainder when t is divided by 51.
7
Let f(t) = t**3 + 0*t**2 - 18 + t - 12*t + 3*t + 7*t**2. Let o be f(-8). Calculate the remainder when 29 is divided by (o/(-4))/((-18)/(-60)).
14
Let x be 1 + 1 - (-28)/2. Let c = x - 14. What is the remainder when c is divided by 3/(-6)*(-1 - 1)?
0
Let n = 165 + -129. What is the remainder when n is divided by 8?
4
Suppose 0 = 3*t + 4*c + 100, 2*c = -3*t - 3*c - 104. Let u = t - -30. Let f(l) = 10*l**2 + 4*l - 6. What is the remainder when 82 is divided by f(u)?
40
Let q(s) = 3*s**2 + 4*s - 3. Calculate the remainder when q(-5) is divided by ((-20)/(-140))/((-3)/(-105)) + 16 + 6.
25
Let t(l) = -9*l**3 - l**2 - l - 1. Calculate the remainder when 246 is divided by t(-2).
39
Suppose 5*a = a + 16. Suppose -5*g - 12 - 4 = 3*k, 25 = -5*g. Suppose -56 = -k*d - 2*o + 4*o, -4*d = a*o - 48. Calculate the remainder when 63 is divided by d.
15
Let x(o) = 38 - 104 + 0*o + 45 - 7*o. Suppose -2*i - k - 15 = 0, 4*i - 3*k = -0*k - 5. Calculate the remainder when x(i) is divided by 8.
6
Suppose b + 4 = -4*u - 12, b + 1 = -u. What is the remainder when (-256)/(-18) - b/18 is divided by 3 + 0 - 0/(-4)?
2
Suppose 4*u + 30 = a, -a - 4*a - 3*u = -58. Let l be ((-12)/(-8))/((-230)/112 + 2). What is the remainder when (-18)/(-16)*2*(-4 - l) is divided by a?
12
Suppose 0 = 19*n + 1313 - 5075. What is the remainder when n is divided by 50?
48
Let c(m) = -2*m**3 + 61. Calculate the remainder when c(0) is divided by 7.
5
Let x = 32 + -28. Suppose -3*a = -4*y - 17, -a - a - x*y = -18. What is the remainder when 11 is divided by a?
4
Suppose -18*z = -1457 + 125. What is the remainder when z is divided by 19?
17
Let i(q) = -8*q - 2. Let x be i(8). Let f = 41 - x. Calculate the remainder when f is divided by 37.
33
Let t(u) = u**3 - u**2 + u + 41. Calculate the remainder when t(0) is divided by -5*1*(-14)/10.
6
Calculate the remainder when 608 is divided by 1 + 2 + (-10 - -1) + 24.
14
Let n(j) = 9*j**2 - 12*j + 8. What is the remainder when n(4) is divided by (-16)/(-1) - (0 - -1)?
14
Suppose -693 = -2*r - 9*r. Let a = -43 + r. Calculate the remainder when 69 is divided by a.
9
Suppose 3926 = 11*s + 1099. What is the remainder when s is divided by 37?
35
Calculate the remainder when 234 is divided by (-120)/(-1) + 2/(-7 + 5).
115
Let k = 277 - 134. Suppose -6 = z - 3, 4*z - k = -5*b. What is the remainder when b is divided by 8?
7
Let q = -2201 + 2287. What is the remainder when 504 is divided by q?
74
Suppose 125 - 548 = -3*l. Let o(m) = 2*m**2 + 17*m - 64. What is the remainder when l is divided by o(4)?
33
Suppose 543 = 7*f - 4*f. Calculate the remainder when f is divided by 48.
37
Suppose 2*m - 32 = -5*j, -4*j - j + 35 = 5*m. Calculate the remainder when 153 is divided by j/(-24) + 314/8.
36
Suppose -99 = -2*x - h, 5*x + 5*h - 25 - 215 = 0. Calculate the remainder when 250 is divided by x.
46
Suppose c - 9*c + 1656 = 0. What is the remainder when c is divided by 117?
90
Let o = -7 + 24. Let z = 0 - 15. Let b = z - -24. What is the remainder when o is divided by b?
8
Let q(t) = -2*t**2 + 44*t - 16. Calculate the remainder when 172 is divided by q(21).
16
Let z(y) = -13*y - 83. Calculate the remainder when 74 is divided by z(-9).
6
Let j(k) = 2*k - 6. Let z be j(7). Let b(t) = t**3 - 7*t**2 - 5*t - 11. Calculate the remainder when 36 is divided by b(z).
10
Let x = -137 + 142. What is the remainder when x is divided by 3?
2
Let x = 408 - 233. 